 are the prime factors of i?
79
List the prime factors of ((-2)/4)/(6 - ((-148225)/(-148220) - -5)).
2, 7411
Let f be -10*5/(-40)*-360. Let i = 655 + f. Suppose 3*n = 5 + i. List the prime factors of n.
2, 5, 7
Let n = -119 + 43. Let s be (252/(-8))/(-9)*n. Let t = s - -415. What are the prime factors of t?
149
Let c be (2*(-18)/24)/(6/(-20)). Suppose -2*p = c*p - 119. Suppose 238 = -10*l + p*l. What are the prime factors of l?
2, 17
Let x(i) = -35*i + 117. Suppose -4*f = 0, -5*v + 4*f - 96 = -v. What are the prime factors of x(v)?
3, 11, 29
Let l be (-2613)/201 + (-17)/1. Let d be (-82)/(-5)*(-50)/(-5). Let w = l + d. List the prime factors of w.
2, 67
Let h = -128 - -132. Suppose -h*l - 27 = 5. List the prime factors of (-254)/(-3) + l/(-24).
5, 17
Suppose 0 = 11*n - 16*n + 10. Suppose 5*k = n*x - 531, 0 = x + x - 4*k - 528. Suppose -7*m + x = -4*m. List the prime factors of m.
2, 43
Let b(x) = -x**3 - 15*x**2 + 15*x - 12. Let p be b(-16). Let s be 2184/13 - (-1 + p). Suppose 3*c - 117 - s = 0. What are the prime factors of c?
2, 47
Let a be (-2)/(-8) - (152604/16)/3. Let s = a + 4658. List the prime factors of s.
3, 17, 29
List the prime factors of ((-114990)/35 - 10)*-7.
2, 73, 79
Suppose -5*x = -12*w + 11*w - 43709, -3*x + 26231 = -2*w. List the prime factors of x.
8741
Let j(u) = 1029*u + 5462. What are the prime factors of j(19)?
25013
Let k(x) be the second derivative of x**5/20 - 2*x**4/3 - 5*x**3/2 + 125*x**2 + 15*x. List the prime factors of k(15).
2, 5
Let w = -79 - -194. Suppose 3*l = 2*n - 276, -5*l - 5*n - 595 = -135. Let p = l + w. What are the prime factors of p?
23
Suppose 0 = 195*r + 12*r - 1674705 - 4691787. List the prime factors of r.
2, 3, 11, 233
Suppose -3*g + 9 = w - 6*g, -4*g + 23 = w. Let d(v) be the first derivative of -v**4/4 + 16*v**3/3 - 3*v**2 + 4*v + 47. What are the prime factors of d(w)?
139
Let t(h) = 2*h**3 - 604*h**2 + 41 + 16 - h**3 + 597*h**2 - 13*h. What are the prime factors of t(11)?
2, 199
Let u(t) = t**3 + 26*t**2 + 91*t + 78. Let d be u(-22). Let x(q) = -2*q**3 + 12*q**2 + 1 - q**3 + q + 2*q**3. List the prime factors of x(d).
13
Let k = -350 + 376. Let b(i) = -i**3 + 29*i**2 - 60*i + 27. What are the prime factors of b(k)?
3, 5, 11
Let m(g) = -1. Let h(f) = 17*f - 146. Let v(w) = -h(w) + 2*m(w). List the prime factors of v(-20).
2, 11
Let h(v) = -8*v**3 + 27*v**2 + 212*v - 20. List the prime factors of h(-7).
11, 233
Let p(u) be the third derivative of -u**4/12 - 13*u**3/6 + 4*u**2. Let b be p(-8). Suppose 5*o - 32 = -2*y + 21, o = b*y - 71. List the prime factors of y.
2, 3
Let r(j) = -2*j**3 - 8*j**2 - 13*j + 43. Let w(f) = 5*f**2 - 81*f + 8. Let m be w(16). What are the prime factors of r(m)?
659
Let p(a) = 2*a**3 + a + 1. Let t be p(1). Suppose -18*o + t*u + 663 = -13*o, 3*o - 417 = -4*u. List the prime factors of o.
3, 5
Suppose -846 = -9*h + 918. Let w = h + -92. What are the prime factors of w?
2, 13
Let h = -91 + -267. Let s = h + 1474. List the prime factors of s.
2, 3, 31
Let f = -1550 + 1494. Let y = 143 - 76. Let x = f + y. List the prime factors of x.
11
Let d(f) = 44*f**2 - 69*f - 146. List the prime factors of d(-22).
2, 3, 1889
Suppose -f - q - 10068 = -5*f, 0 = 4*f + q - 10076. List the prime factors of f.
2, 1259
Suppose 1315791 + 108971 = 86*f. List the prime factors of f.
16567
Let d(a) = a**3 - 2*a**2 - 5*a + 1083. Suppose 5*c + 3*c - c = 0. List the prime factors of d(c).
3, 19
Suppose 14 = 82*z - 75*z. List the prime factors of (-9440)/(-59) + (-1 - z).
157
Let j = -7769 - -14391. What are the prime factors of j?
2, 7, 11, 43
Suppose -8*o - 11*o - 134483 = -581762. What are the prime factors of o?
3, 7, 19, 59
Suppose 2*m + 3*y = 175, -66 = -5*m - 5*y + 374. List the prime factors of m.
89
Suppose -r + 426 = -0*r. Suppose 2*o - 474 = r. What are the prime factors of o?
2, 3, 5
Let l be (8 - (-2880)/(-27))/((-2)/6). Let u = 589 - l. List the prime factors of u.
293
Suppose 17309 = 2*j - u, -3*u = -191*j + 192*j - 8672. List the prime factors of j.
11, 787
Let g = -182 + 62577. What are the prime factors of g?
5, 12479
Let d(k) = -k**3 + 7*k**2 + k - 2. Let p be d(7). What are the prime factors of (718/5 + 0)*p?
2, 359
List the prime factors of ((-1015)/(-70) + -11)*((-32546)/(-14) + -1).
3, 2711
Let p(d) = d - 3. Let g be p(0). Suppose 2*k + 69 = 81. What are the prime factors of (g + -23)*k/(-4)?
3, 13
Let j = -1564 - -2590. What are the prime factors of j?
2, 3, 19
Let o be ((-11)/2 + 8)*(-8)/(-10). Suppose -6*l + l = 3*t - 1, 0 = 3*t - o*l - 8. Suppose 11*k - 1599 = -t*k. What are the prime factors of k?
3, 41
Let q = -37 - -42. Suppose -q*o - 16 = g - 1342, -o + 258 = 2*g. What are the prime factors of o?
2, 7, 19
Let o = -114 + 65. Let r = -42 - o. Suppose -10*f + r*f = -162. What are the prime factors of f?
2, 3
Let a(i) = -i**3 - 6*i**2 + 20*i + 5. Let t(v) = 10*v**3 + 2*v + 2. Let g be t(-1). List the prime factors of a(g).
5, 41
Let l be 155/55 + (-2)/(-11). Let h = l - -5. Let i = h + -1. What are the prime factors of i?
7
Let d(k) = 11919*k + 2526. List the prime factors of d(4).
2, 3, 2789
Suppose 0 = -226*w + 235*w - 36144. Suppose 0 = -n - 15*n + w. What are the prime factors of n?
251
Let f(z) = -22*z**3 + 4*z**2 + 4*z. Let k be f(-5). Suppose 8*i - 1930 = k. List the prime factors of i.
5, 7, 17
Let s(b) = b**3 - 7*b**2 - 13*b - 21. Let x be s(9). Suppose 2*r - 2*p - 428 = 0, -2*r + 419 = p - x. What are the prime factors of r?
3, 73
Suppose -83*l + 205142 + 125293 = -38*l. List the prime factors of l.
7, 1049
Suppose 0 = 6*y + 4*y - 393318 + 92368. What are the prime factors of y?
5, 13, 463
Suppose -11 = -5*c + 9, 0 = 2*s - 2*c - 1644. Suppose -s = 35*u - 37*u. List the prime factors of u.
7, 59
List the prime factors of 9/(-9) + (3 + -3 - 2) + 11943.
2, 3, 5, 199
Suppose 3*l = -0*l + 9. Suppose -3*m - 4*d - 250 = -61, l*m + 3*d + 189 = 0. Let f = m - -68. What are the prime factors of f?
5
Suppose -2*j - 567 = -9*j. Suppose 0 = 4*u - 5*z - 115, 0*u - j = -3*u + 2*z. Let t = u - -13. List the prime factors of t.
2, 19
Let j(u) = -4*u**2 - 11 + 5*u**2 - 17*u - 2*u**2. Let q be (-4)/(-10) + 111/(-15). List the prime factors of j(q).
59
Suppose 0 = 8*k - 3*k + 130. Let y be (-8)/16 + 2/((-8)/k). What are the prime factors of ((-148)/y)/(22/(-33))?
37
Let n be 6*(1/(-2))/(-1). Suppose -7*g + n = -11. Let w(s) = 61*s + 4. What are the prime factors of w(g)?
2, 3, 7
Let s be (-19)/(-38) + 467/2. Suppose -486 = -6*q + s. Suppose q = -5*v + 130. List the prime factors of v.
2
Suppose -g + 3*q + 20 = 0, 5*g - 4*q - 34 - 22 = 0. What are the prime factors of (-16068)/g*(-10)/15?
13, 103
Suppose -18*m + 54*m = 1008. What are the prime factors of m?
2, 7
Let g(j) = 742*j**2 + 29*j - 70. List the prime factors of g(2).
2, 739
Suppose -3981 = -11*l + 8*l. List the prime factors of l.
1327
Let w = -1125 + 2982. Let a = w - 1161. List the prime factors of a.
2, 3, 29
Let x = 6 + 7. Suppose -x*n + 16*n = 0. Suppose -k + 12 + 48 = n. List the prime factors of k.
2, 3, 5
Let z = 15 + -20. Let u(x) = -15*x - 1. Let i(b) = 1. Let d(k) = z*i(k) - u(k). What are the prime factors of d(9)?
131
Let l = 205 + -209. What are the prime factors of (-1)/(-3 + (-194)/259*l)?
7, 37
Let f = -81 - -89. Suppose -411 = -f*c + 53. What are the prime factors of 2 + -2 + c + (7 - 3)?
2, 31
Suppose 7*r + 5*y = 11*r - 383993, -3*y - 383999 = -4*r. What are the prime factors of r?
2, 23, 2087
Let a = 4819 + -2328. Suppose 5*k - 1519 = a. What are the prime factors of k?
2, 401
Let u(r) = 2*r**3 + 47*r**2 + 28*r - 66. Let s be u(-23). Let c = 46 - s. List the prime factors of c.
227
Suppose 32*u - 23*u - 3438 = 0. Suppose -402 - u = -4*g. What are the prime factors of g?
2, 7
Let b be 3 - 2 - (2 - (-2 + 326)). Let o = b - 191. What are the prime factors of o?
2, 3, 11
Let o = 9923 - 3774. List the prime factors of o.
11, 13, 43
Let y(s) = -s**3 + 118*s**2 - 308*s - 222. What are the prime factors of y(113)?
7, 23, 179
Let b(y) = -y**3 - 7*y**2 - 15*y - 26. Suppose 2*q - 2*n + 32 = n, -4*q + 2*n = 48. What are the prime factors of b(q)?
2, 53
Let x(l) = 3*l**2 - 25*l - 14. Let p(s) = -s**2 + 13*s + 7. Let r(c) = 9*p(c) + 4*x(c). What are the prime factors of r(7)?
3, 7, 13
List the prime factors